{"id":6,"date":"2022-08-25T11:56:58","date_gmt":"2022-08-25T11:56:58","guid":{"rendered":"https:\/\/mittelschule-schanz.de\/?page_id=6"},"modified":"2023-09-26T07:27:02","modified_gmt":"2023-09-26T07:27:02","slug":"mittelschule-schanz","status":"publish","type":"page","link":"https:\/\/mittelschule-schanz.de\/","title":{"rendered":"Mittelschule Schanz"},"content":{"rendered":"<div id=\"Aktuelles\"  class=\"ultp-post-grid-block wp-block-ultimate-post-post-list-2 ultp-block-dcdaa6\"><div class=\"ultp-block-wrapper\"><div class=\"ultp-loading\"><div class=\"ultp-loading-blocks\" style=\"width:100%;height:100%;\"><div style=\"left: 0;top: 0;animation-delay:0s;\"><\/div><div style=\"left: 21px;top: 0;animation-delay:0.125s;\"><\/div><div style=\"left: 42px;top: 0;animation-delay:0.25s;\"><\/div><div style=\"left: 0;top: 21px;animation-delay:0.875s;\"><\/div><div style=\"left: 42px;top: 21px;animation-delay:0.375s;\"><\/div><div style=\"left: 0;top: 42px;animation-delay:0.75s;\"><\/div><div style=\"left: 42px;top: 42px;animation-delay:0.625s;\"><\/div><div style=\"left: 21px;top: 42px;animation-delay:0.5s;\"><\/div><\/div><\/div><div class=\"ultp-heading-filter\"><div class=\"ultp-heading-filter-in\"><div class=\"ultp-heading-wrap ultp-heading-style5 ultp-heading-left\"><h2 class=\"ultp-heading-inner\"><span>Aktuelles<\/span><\/h2><\/div><div class=\"ultp-filter-navigation\"><\/div><\/div><\/div><div class=\"ultp-block-items-wrap ultp-block-content-middle ultp-layout1\"><div class=\"ultp-block-item ultp-block-media post-id-628\"><div class=\"ultp-block-content-wrap ultp-first-postlist-2\"><div class=\"ultp-block-image ultp-block-image-opacity\"><a href=\"https:\/\/mittelschule-schanz.de\/?p=628\" ><img decoding=\"async\"  alt=\"Mittelschulliga 2025\/26\"  src=\"https:\/\/mittelschule-schanz.de\/wp-content\/uploads\/2023\/11\/Mittelschulliga.png\" \/><\/a><\/div><div class=\"ultp-block-content\"><div class=\"ultp-category-grid ultp-category-classic ultp-category-aboveTitle\"><div class=\"ultp-category-in\"><a class=\"ultp-cat-aktuelles\" href=\"https:\/\/mittelschule-schanz.de\/?cat=9\"  >Aktuelles<\/a><a class=\"ultp-cat-fuer-schuelerinnen\" href=\"https:\/\/mittelschule-schanz.de\/?cat=7\"  >F\u00fcr Sch\u00fcler:innen<\/a><\/div><\/div><h3 class=\"ultp-block-title \"><a href=\"https:\/\/mittelschule-schanz.de\/?p=628\" >Mittelschulliga 2025\/26<\/a><\/h3><div class=\"ultp-block-excerpt\"><p>Mannschaften: Pestalozzi,&nbsp; Gams, Schanz, Lessing, Katherl, Friedrichshofen Beginn: 13.45 Uhr&nbsp;&nbsp; Ende: ca. 15.15 Uhr&nbsp;&nbsp; Ort: MS Auf der Schanz (neue Turnhalle) Spielplan: Spieltag 1 (17.11.): Spieltag 2 (01.12): Spieltag 3 (15.12.) Spieltag 4 (19.12.) &#8211; verschoben auf 23.03.26!!! Schanz Lessing Gams Spieltag 5 (19.01.) Spieltag 6 (02.02.): Spieltag 7 (02.03.) Friedrichshofen Lessing Schanz Spieltag 8 &#8230; Weiterlesen &#8230;<\/p>\n<\/div><div class=\"ultp-block-readmore\"><a aria-label=\"Mittelschulliga 2025\/26\" href=\"https:\/\/mittelschule-schanz.de\/?p=628\" >Read More<\/a><\/div><div class=\"ultp-block-meta ultp-block-meta-verticalbar ultp-block-meta-icon\"><span class=\"ultp-block-author ultp-block-meta-element\"><svg xmlns=\"http:\/\/www.w3.org\/2000\/svg\" fill=\"none\" viewBox=\"0 0 24 24\">\n  <circle cx=\"12\" cy=\"7\" r=\"4\" stroke=\"currentColor\" stroke-linejoin=\"round\" stroke-width=\"1.5\"\/>\n  <path stroke=\"currentColor\" stroke-linecap=\"round\" stroke-linejoin=\"round\" stroke-width=\"1.5\" d=\"M4 21v-3a4 4 0 0 1 4-4h8a4 4 0 0 1 4 4v3\"\/>\n<\/svg>\n<a class=\"\" href=\"javascript:void(0)\">admin<\/a><\/span><span class=\"ultp-block-date ultp-block-meta-element\"><svg xmlns=\"http:\/\/www.w3.org\/2000\/svg\" fill=\"none\" viewBox=\"0 0 24 24\">\n  <path stroke=\"currentColor\" stroke-linecap=\"round\" stroke-linejoin=\"round\" stroke-width=\"1.5\" d=\"M3 5.5a2 2 0 0 1 2-2h14a2 2 0 0 1 2 2v14a2 2 0 0 1-2 2H5a2 2 0 0 1-2-2v-14ZM8 2v3m8-3v3M3 9h18\"\/>\n<\/svg>\nNov. 8, 2023<\/span><\/div><\/div><\/div><\/div><div class=\"ultp-block-item ultp-block-media post-id-522\"><div class=\"ultp-block-content-wrap ultp-all-postlist-2\"><div class=\"ultp-block-image ultp-block-image-opacity\"><a href=\"https:\/\/mittelschule-schanz.de\/?p=522\" ><img decoding=\"async\"  alt=\"Anmeldung zur Abschlusspr\u00fcfung f\u00fcr externe Teilnehmende\"  src=\"https:\/\/mittelschule-schanz.de\/wp-content\/uploads\/2023\/01\/list-g16f08bf80_640-600x600.png\" \/><\/a><\/div><div class=\"ultp-block-content\"><div class=\"ultp-category-grid ultp-category-classic ultp-category-aboveTitle\"><div class=\"ultp-category-in\"><a class=\"ultp-cat-aktuelles\" href=\"https:\/\/mittelschule-schanz.de\/?cat=9\"  >Aktuelles<\/a><a class=\"ultp-cat-fuer-eltern\" href=\"https:\/\/mittelschule-schanz.de\/?cat=8\"  >F\u00fcr Eltern<\/a><a class=\"ultp-cat-fuer-schuelerinnen\" href=\"https:\/\/mittelschule-schanz.de\/?cat=7\"  >F\u00fcr Sch\u00fcler:innen<\/a><\/div><\/div><h3 class=\"ultp-block-title \"><a href=\"https:\/\/mittelschule-schanz.de\/?p=522\" >Anmeldung zur Abschlusspr\u00fcfung f\u00fcr externe Teilnehmende<\/a><\/h3><div class=\"ultp-block-excerpt\"><p>Qualifizierender Abschluss der Mittelschule(9. Klasse) Bitte drucken Sie das Anmeldeformular aus und bringen es unterschrieben bis 28. Februar&hellip;<\/p>\n<\/div><div class=\"ultp-block-meta ultp-block-meta-verticalbar ultp-block-meta-icon\"><span class=\"ultp-block-author ultp-block-meta-element\"><svg xmlns=\"http:\/\/www.w3.org\/2000\/svg\" fill=\"none\" viewBox=\"0 0 24 24\">\n  <circle cx=\"12\" cy=\"7\" r=\"4\" stroke=\"currentColor\" stroke-linejoin=\"round\" stroke-width=\"1.5\"\/>\n  <path stroke=\"currentColor\" stroke-linecap=\"round\" stroke-linejoin=\"round\" stroke-width=\"1.5\" d=\"M4 21v-3a4 4 0 0 1 4-4h8a4 4 0 0 1 4 4v3\"\/>\n<\/svg>\n<a class=\"\" href=\"javascript:void(0)\">admin<\/a><\/span><span class=\"ultp-block-date ultp-block-meta-element\"><svg xmlns=\"http:\/\/www.w3.org\/2000\/svg\" fill=\"none\" viewBox=\"0 0 24 24\">\n  <path stroke=\"currentColor\" stroke-linecap=\"round\" stroke-linejoin=\"round\" stroke-width=\"1.5\" d=\"M3 5.5a2 2 0 0 1 2-2h14a2 2 0 0 1 2 2v14a2 2 0 0 1-2 2H5a2 2 0 0 1-2-2v-14ZM8 2v3m8-3v3M3 9h18\"\/>\n<\/svg>\nJan. 16, 2023<\/span><span class=\"ultp-post-read ultp-block-meta-element\"><svg xmlns=\"http:\/\/www.w3.org\/2000\/svg\" fill=\"none\" viewBox=\"0 0 24 24\">\n  <path stroke=\"currentColor\" stroke-linecap=\"round\" stroke-linejoin=\"round\" stroke-width=\"1.5\" d=\"M4 5v14a3 3 0 0 0 3 3h13V8H7a3 3 0 0 1-3-3Zm0 0a3 3 0 0 1 3-3h13M7 5h10\"\/>\n  <path stroke=\"currentColor\" stroke-linecap=\"round\" stroke-linejoin=\"round\" stroke-width=\"1.5\" d=\"M9.5 18.5v-3.092a3 3 0 0 1 .504-1.664l1.219-1.828a.934.934 0 0 1 1.554 0l1.22 1.828a3 3 0 0 1 .503 1.664V18.5m-5-2.5h5\"\/>\n<\/svg>\n1 Min. Lesezeit<\/span><\/div><\/div><\/div><\/div><div class=\"ultp-block-item ultp-block-media post-id-880\"><div class=\"ultp-block-content-wrap ultp-all-postlist-2\"><div class=\"ultp-block-image ultp-block-image-opacity\"><a href=\"https:\/\/mittelschule-schanz.de\/?p=880\" ><img decoding=\"async\"  alt=\"F\u00f6rderprogramm K\u00fcnstler an die Schulen\"  src=\"https:\/\/mittelschule-schanz.de\/wp-content\/uploads\/2025\/12\/FBF6FEF0-2858-4735-A783-46EA53A72106-600x600.png\" \/><\/a><\/div><div class=\"ultp-block-content\"><div class=\"ultp-category-grid ultp-category-classic ultp-category-aboveTitle\"><div class=\"ultp-category-in\"><a class=\"ultp-cat-aktuelles\" href=\"https:\/\/mittelschule-schanz.de\/?cat=9\"  >Aktuelles<\/a><a class=\"ultp-cat-uncategorized\" href=\"https:\/\/mittelschule-schanz.de\/?cat=1\"  >Uncategorized<\/a><\/div><\/div><h3 class=\"ultp-block-title \"><a href=\"https:\/\/mittelschule-schanz.de\/?p=880\" >F\u00f6rderprogramm K\u00fcnstler an die Schulen<\/a><\/h3><div class=\"ultp-block-excerpt\"><\/div><div class=\"ultp-block-meta ultp-block-meta-verticalbar ultp-block-meta-icon\"><span class=\"ultp-block-author ultp-block-meta-element\"><svg xmlns=\"http:\/\/www.w3.org\/2000\/svg\" fill=\"none\" viewBox=\"0 0 24 24\">\n  <circle cx=\"12\" cy=\"7\" r=\"4\" stroke=\"currentColor\" stroke-linejoin=\"round\" stroke-width=\"1.5\"\/>\n  <path stroke=\"currentColor\" stroke-linecap=\"round\" stroke-linejoin=\"round\" stroke-width=\"1.5\" d=\"M4 21v-3a4 4 0 0 1 4-4h8a4 4 0 0 1 4 4v3\"\/>\n<\/svg>\n<a class=\"\" href=\"javascript:void(0)\">admin<\/a><\/span><span class=\"ultp-block-date ultp-block-meta-element\"><svg xmlns=\"http:\/\/www.w3.org\/2000\/svg\" fill=\"none\" viewBox=\"0 0 24 24\">\n  <path stroke=\"currentColor\" stroke-linecap=\"round\" stroke-linejoin=\"round\" stroke-width=\"1.5\" d=\"M3 5.5a2 2 0 0 1 2-2h14a2 2 0 0 1 2 2v14a2 2 0 0 1-2 2H5a2 2 0 0 1-2-2v-14ZM8 2v3m8-3v3M3 9h18\"\/>\n<\/svg>\nDez. 8, 2025<\/span><span class=\"ultp-post-read ultp-block-meta-element\"><svg xmlns=\"http:\/\/www.w3.org\/2000\/svg\" fill=\"none\" viewBox=\"0 0 24 24\">\n  <path stroke=\"currentColor\" stroke-linecap=\"round\" stroke-linejoin=\"round\" stroke-width=\"1.5\" d=\"M4 5v14a3 3 0 0 0 3 3h13V8H7a3 3 0 0 1-3-3Zm0 0a3 3 0 0 1 3-3h13M7 5h10\"\/>\n  <path stroke=\"currentColor\" stroke-linecap=\"round\" stroke-linejoin=\"round\" stroke-width=\"1.5\" d=\"M9.5 18.5v-3.092a3 3 0 0 1 .504-1.664l1.219-1.828a.934.934 0 0 1 1.554 0l1.22 1.828a3 3 0 0 1 .503 1.664V18.5m-5-2.5h5\"\/>\n<\/svg>\n1 Min. Lesezeit<\/span><\/div><\/div><\/div><\/div><div class=\"ultp-block-item ultp-block-media post-id-890\"><div class=\"ultp-block-content-wrap ultp-all-postlist-2\"><div class=\"ultp-block-image ultp-block-image-opacity\"><a href=\"https:\/\/mittelschule-schanz.de\/?p=890\" ><img decoding=\"async\"  alt=\"Neue Fu\u00dfballtore zum Nikolaustag \u2013 ein Geschenk f\u00fcr&hellip;\"  src=\"https:\/\/mittelschule-schanz.de\/wp-content\/uploads\/2025\/12\/D12E62C7-27C3-41C2-82F8-131D91223A15-600x600.png\" \/><\/a><\/div><div class=\"ultp-block-content\"><div class=\"ultp-category-grid ultp-category-classic ultp-category-aboveTitle\"><div class=\"ultp-category-in\"><a class=\"ultp-cat-aktuelles\" href=\"https:\/\/mittelschule-schanz.de\/?cat=9\"  >Aktuelles<\/a><\/div><\/div><h3 class=\"ultp-block-title \"><a href=\"https:\/\/mittelschule-schanz.de\/?p=890\" >Neue Fu\u00dfballtore zum Nikolaustag \u2013 ein Geschenk f\u00fcr&hellip;<\/a><\/h3><div class=\"ultp-block-excerpt\"><p>Bereits am 05.12.2025 gab es f\u00fcr unsere Sch\u00fclerinnen und Sch\u00fcler eine vorweihnachtliche \u00dcberraschung: Frau Petra Kleine, 3. B\u00fcrgermeisterin&hellip;<\/p>\n<\/div><div class=\"ultp-block-meta ultp-block-meta-verticalbar ultp-block-meta-icon\"><span class=\"ultp-block-author ultp-block-meta-element\"><svg xmlns=\"http:\/\/www.w3.org\/2000\/svg\" fill=\"none\" viewBox=\"0 0 24 24\">\n  <circle cx=\"12\" cy=\"7\" r=\"4\" stroke=\"currentColor\" stroke-linejoin=\"round\" stroke-width=\"1.5\"\/>\n  <path stroke=\"currentColor\" stroke-linecap=\"round\" stroke-linejoin=\"round\" stroke-width=\"1.5\" d=\"M4 21v-3a4 4 0 0 1 4-4h8a4 4 0 0 1 4 4v3\"\/>\n<\/svg>\n<a class=\"\" href=\"javascript:void(0)\">admin<\/a><\/span><span class=\"ultp-block-date ultp-block-meta-element\"><svg xmlns=\"http:\/\/www.w3.org\/2000\/svg\" fill=\"none\" viewBox=\"0 0 24 24\">\n  <path stroke=\"currentColor\" stroke-linecap=\"round\" stroke-linejoin=\"round\" stroke-width=\"1.5\" d=\"M3 5.5a2 2 0 0 1 2-2h14a2 2 0 0 1 2 2v14a2 2 0 0 1-2 2H5a2 2 0 0 1-2-2v-14ZM8 2v3m8-3v3M3 9h18\"\/>\n<\/svg>\nDez. 8, 2025<\/span><span class=\"ultp-post-read ultp-block-meta-element\"><svg xmlns=\"http:\/\/www.w3.org\/2000\/svg\" fill=\"none\" viewBox=\"0 0 24 24\">\n  <path stroke=\"currentColor\" stroke-linecap=\"round\" stroke-linejoin=\"round\" stroke-width=\"1.5\" d=\"M4 5v14a3 3 0 0 0 3 3h13V8H7a3 3 0 0 1-3-3Zm0 0a3 3 0 0 1 3-3h13M7 5h10\"\/>\n  <path stroke=\"currentColor\" stroke-linecap=\"round\" stroke-linejoin=\"round\" stroke-width=\"1.5\" d=\"M9.5 18.5v-3.092a3 3 0 0 1 .504-1.664l1.219-1.828a.934.934 0 0 1 1.554 0l1.22 1.828a3 3 0 0 1 .503 1.664V18.5m-5-2.5h5\"\/>\n<\/svg>\n1 Min. Lesezeit<\/span><\/div><\/div><\/div><\/div><\/div><div class=\"ultp-pagination-wrap ultp-pagination-ajax-action\" data-paged=\"1\" data-expost=\"\"  data-blockid=\"dcdaa6\" data-postid=\"6\" data-pages=\"8\" data-blockname=\"ultimate-post_post-list-2\" data-selfpostid=\"yes\"><ul class=\"ultp-pagination\"><li class=\"ultp-prev-page-numbers\" style=\"display:none\"><a href=\"https:\/\/mittelschule-schanz.de\/index.php?rest_route=%2Fwp%2Fv2%2Fpages%2F6\"><svg xmlns=\"http:\/\/www.w3.org\/2000\/svg\" fill=\"none\" viewBox=\"0 0 24 24\">\n  <path stroke=\"currentColor\" stroke-linecap=\"round\" stroke-linejoin=\"round\" stroke-width=\"1.5\" d=\"m15 18-6-6 6-6\"\/>\n<\/svg>\n Previous<\/a><\/li><li class=\"ultp-first-pages\" style=\"display:none\" data-current=\"1\"><a href=\"https:\/\/mittelschule-schanz.de\/index.php?rest_route=%2Fwp%2Fv2%2Fpages%2F6\">1<\/a><\/li><li class=\"ultp-first-dot\"style=\"display:none\"><a href=\"#\">&#8230;<\/a><\/li><li class=\"ultp-center-item pagination-active\" data-current=\"1\"><a href=\"https:\/\/mittelschule-schanz.de\/index.php?rest_route=%2Fwp%2Fv2%2Fpages%2F6\">1<\/a><\/li><li class=\"ultp-center-item\" data-current=\"2\" ><a href=\"https:\/\/mittelschule-schanz.de\/index.php?rest_route=%2Fwp%2Fv2%2Fpages%2F6&#038;paged=2\">2<\/a><\/li><li class=\"ultp-center-item\" data-current=\"3\" ><a href=\"https:\/\/mittelschule-schanz.de\/index.php?rest_route=%2Fwp%2Fv2%2Fpages%2F6&#038;paged=3\">3<\/a><\/li><li class=\"ultp-last-dot\" ><a href=\"#\">&#8230;<\/a><\/li><li class=\"ultp-last-pages\" data-current=\"8\"><a href=\"https:\/\/mittelschule-schanz.de\/index.php?rest_route=%2Fwp%2Fv2%2Fpages%2F6&#038;paged=8\">8<\/a><\/li><li class=\"ultp-next-page-numbers\"><a href=\"https:\/\/mittelschule-schanz.de\/index.php?rest_route=%2Fwp%2Fv2%2Fpages%2F6&#038;paged=2\">Next<svg xmlns=\"http:\/\/www.w3.org\/2000\/svg\" fill=\"none\" viewBox=\"0 0 24 24\">\n  <path stroke=\"currentColor\" stroke-linecap=\"round\" stroke-linejoin=\"round\" stroke-width=\"1.5\" d=\"m9 18 6-6-6-6\"\/>\n<\/svg>\n<\/a><\/li><\/ul><\/div><\/div><div class=\"pagination-block-html\" aria-hidden=\"true\" style=\"display: none;\"><\/div><\/div>","protected":false},"excerpt":{"rendered":"","protected":false},"author":1,"featured_media":0,"parent":0,"menu_order":0,"comment_status":"closed","ping_status":"closed","template":"","meta":{"generate_page_header":"","footnotes":""},"class_list":{"0":"post-6","1":"page","2":"type-page","3":"status-publish","5":"no-featured-image-padding"},"_links":{"self":[{"href":"https:\/\/mittelschule-schanz.de\/index.php?rest_route=\/wp\/v2\/pages\/6","targetHints":{"allow":["GET"]}}],"collection":[{"href":"https:\/\/mittelschule-schanz.de\/index.php?rest_route=\/wp\/v2\/pages"}],"about":[{"href":"https:\/\/mittelschule-schanz.de\/index.php?rest_route=\/wp\/v2\/types\/page"}],"author":[{"embeddable":true,"href":"https:\/\/mittelschule-schanz.de\/index.php?rest_route=\/wp\/v2\/users\/1"}],"replies":[{"embeddable":true,"href":"https:\/\/mittelschule-schanz.de\/index.php?rest_route=%2Fwp%2Fv2%2Fcomments&post=6"}],"version-history":[{"count":73,"href":"https:\/\/mittelschule-schanz.de\/index.php?rest_route=\/wp\/v2\/pages\/6\/revisions"}],"predecessor-version":[{"id":860,"href":"https:\/\/mittelschule-schanz.de\/index.php?rest_route=\/wp\/v2\/pages\/6\/revisions\/860"}],"wp:attachment":[{"href":"https:\/\/mittelschule-schanz.de\/index.php?rest_route=%2Fwp%2Fv2%2Fmedia&parent=6"}],"curies":[{"name":"wp","href":"https:\/\/api.w.org\/{rel}","templated":true}]}}